{"id":815,"date":"2020-10-14T08:48:16","date_gmt":"2020-10-14T06:48:16","guid":{"rendered":"http:\/\/www.treizecizero.ro\/shop\/?post_type=product&#038;p=815"},"modified":"2026-04-27T15:39:12","modified_gmt":"2026-04-27T13:39:12","slug":"tricou-scoruri-tenis-30-0-tee","status":"publish","type":"product","link":"https:\/\/www.treizecizero.ro\/shop\/produs\/tricou-scoruri-tenis-30-0-tee\/","title":{"rendered":"Best Seller |\u00a030-0 Logo Tee"},"content":{"rendered":"<div class=\"descriere-stanga\">\n<h2>Nou tricou de la 30-0<\/h2>\n<p>Un tricou cu un design fresh, cu care ie\u0219i din r\u00e2nd \u0219i \u00ee\u021bi faci cunoscut\u0103 apartenen\u021ba, ca fan, la sportul cu cel <a href=\"http:\/\/www.treizecizero.ro\/news\/scorul-in-tenis-cine-a-fost-primul-oul-sau-dragostea\" target=\"_blank\" rel=\"noopener\">mai atipic sistem de scor din lume<\/a>.<\/p>\n<div class=\"n6owBd awi2gc\" data-sfc-cp=\"\" data-sfc-root=\"c\" data-sfc-cb=\"\" data-hveid=\"CAEIBhAD\" data-complete=\"true\">15, 30, 40&#8230; Game! Celebreaz\u0103 ritmul unic al fiec\u0103rui meci de tenis cu designul nostru semn\u0103tur\u0103, creat pentru cei care tr\u0103iesc pentru suspansul fiec\u0103rui punct \u0219i pentru elegan\u021ba scorului alb. Un look minimalist, dar plin de semnifica\u021bie, pe un bumbac negru premium. Poart\u0103 cifrele care fac din tenis cel mai frumos sport din lume. \u0218i, \u00een plus, le ar\u0103\u021bi tuturor ce site cite\u0219ti! \ud83d\ude09<\/div>\n<\/div>\n<div class=\"descriere-centru\">\n<h2>Disponibil pe alb, pe negru \u0219i pe gri<\/h2>\n<p>Disponibil pe alb, pe negru \u0219i, \u00een premier\u0103, pe gri<strong>.<\/strong><\/p>\n<p>Tricourile <b>30-0 Tee<\/b>\u00a0sunt fabricate 100% din bumbac organic, piept\u0103nat, moale, care asigur\u0103 un confort sporit, fie c\u0103 \u00eel por\u021bi pe strad\u0103, fie la antrenament sau \u00een timpul unui meci de tenis. Croiala este <strong>medium fit<\/strong>. E disponbil pe alb \u0219i pe negru. Sp\u0103larea e automat\u0103.<\/p>\n<\/div>\n<div class=\"descriere-dreapta\">\n<h2>M\u0103rimi<\/h2>\n<p>XS (doar feminin)<br \/>\nS (masculin, feminin)<br \/>\nM\u00a0(masculin, feminin)<br \/>\nL (masculin, feminin)<br \/>\nXL (doar masculin, num\u0103r mic)<\/p>\n<p><strong>Culori disponibile:<\/strong> alb, gri, negru<\/p>\n<p><span style=\"color: #ff0000;\"><strong>Produs disponibil \u00een stoc!<br \/>\n<\/strong><\/span><\/p>\n<\/div>\n","protected":false},"excerpt":{"rendered":"<p>Un tricou cu un design fresh, cu care ie\u0219i din r\u00e2nd \u0219i \u00ee\u021bi faci cunoscut\u0103 apartenen\u021ba, ca fan, la sportul cu cel mai atipic sistem de scor din lume.<\/p>\n","protected":false},"featured_media":4900,"template":"","meta":{"_acf_changed":false},"product_brand":[],"product_cat":[17,19],"product_tag":[],"class_list":{"0":"post-815","1":"product","2":"type-product","3":"status-publish","4":"has-post-thumbnail","6":"product_cat-promo","7":"product_cat-tricouri-tenis","9":"first","10":"instock","11":"shipping-taxable","12":"purchasable","13":"product-type-variable"},"acf":[],"yoast_head":"<!-- This site is optimized with the Yoast SEO plugin v25.4 - https:\/\/yoast.com\/wordpress\/plugins\/seo\/ -->\n<title>Tricou tenis 30-0 Tee<\/title>\n<meta name=\"description\" content=\"Un tricou cu un design fresh, cu care ie\u0219i din r\u00e2nd \u0219i \u00ee\u021bi faci cunoscut\u0103 apartenen\u021ba, ca fan, la sportul cu cel mai atipic sistem de scor din lume. \u0218i \u00een plus le ar\u0103\u021bi tuturor ce site cite\u0219ti! ;)\" \/>\n<meta name=\"robots\" content=\"index, follow, max-snippet:-1, max-image-preview:large, max-video-preview:-1\" \/>\n<link rel=\"canonical\" href=\"https:\/\/www.treizecizero.ro\/shop\/produs\/tricou-scoruri-tenis-30-0-tee\/\" \/>\n<meta property=\"og:locale\" content=\"ro_RO\" \/>\n<meta property=\"og:type\" content=\"article\" \/>\n<meta property=\"og:title\" content=\"Tricou tenis 30-0 Tee\" \/>\n<meta property=\"og:description\" content=\"Un tricou cu un design fresh, cu care ie\u0219i din r\u00e2nd \u0219i \u00ee\u021bi faci cunoscut\u0103 apartenen\u021ba, ca fan, la sportul cu cel mai atipic sistem de scor din lume. \u0218i \u00een plus le ar\u0103\u021bi tuturor ce site cite\u0219ti! ;)\" \/>\n<meta property=\"og:url\" content=\"https:\/\/www.treizecizero.ro\/shop\/produs\/tricou-scoruri-tenis-30-0-tee\/\" \/>\n<meta property=\"og:site_name\" content=\"Shop Treizecizero\" \/>\n<meta property=\"article:modified_time\" content=\"2026-04-27T13:39:12+00:00\" \/>\n<meta property=\"og:image\" content=\"https:\/\/www.treizecizero.ro\/shop\/wp-content\/uploads\/2018\/01\/30-0-Logo-Tee-2-scaled.jpg\" \/>\n\t<meta property=\"og:image:width\" content=\"1707\" \/>\n\t<meta property=\"og:image:height\" content=\"2560\" \/>\n\t<meta property=\"og:image:type\" content=\"image\/jpeg\" \/>\n<meta name=\"twitter:card\" content=\"summary_large_image\" \/>\n<meta name=\"twitter:label1\" content=\"Timp estimat pentru citire\" \/>\n\t<meta name=\"twitter:data1\" content=\"2 minute\" \/>\n<script type=\"application\/ld+json\" class=\"yoast-schema-graph\">{\"@context\":\"https:\/\/schema.org\",\"@graph\":[{\"@type\":\"WebPage\",\"@id\":\"https:\/\/www.treizecizero.ro\/shop\/produs\/tricou-scoruri-tenis-30-0-tee\/\",\"url\":\"https:\/\/www.treizecizero.ro\/shop\/produs\/tricou-scoruri-tenis-30-0-tee\/\",\"name\":\"Tricou tenis 30-0 Tee\",\"isPartOf\":{\"@id\":\"https:\/\/www.treizecizero.ro\/shop\/#website\"},\"primaryImageOfPage\":{\"@id\":\"https:\/\/www.treizecizero.ro\/shop\/produs\/tricou-scoruri-tenis-30-0-tee\/#primaryimage\"},\"image\":{\"@id\":\"https:\/\/www.treizecizero.ro\/shop\/produs\/tricou-scoruri-tenis-30-0-tee\/#primaryimage\"},\"thumbnailUrl\":\"https:\/\/www.treizecizero.ro\/shop\/wp-content\/uploads\/2018\/01\/30-0-Logo-Tee-2-scaled.jpg\",\"datePublished\":\"2020-10-14T06:48:16+00:00\",\"dateModified\":\"2026-04-27T13:39:12+00:00\",\"description\":\"Un tricou cu un design fresh, cu care ie\u0219i din r\u00e2nd \u0219i \u00ee\u021bi faci cunoscut\u0103 apartenen\u021ba, ca fan, la sportul cu cel mai atipic sistem de scor din lume. \u0218i \u00een plus le ar\u0103\u021bi tuturor ce site cite\u0219ti! ;)\",\"breadcrumb\":{\"@id\":\"https:\/\/www.treizecizero.ro\/shop\/produs\/tricou-scoruri-tenis-30-0-tee\/#breadcrumb\"},\"inLanguage\":\"ro-RO\",\"potentialAction\":[{\"@type\":\"ReadAction\",\"target\":[\"https:\/\/www.treizecizero.ro\/shop\/produs\/tricou-scoruri-tenis-30-0-tee\/\"]}]},{\"@type\":\"ImageObject\",\"inLanguage\":\"ro-RO\",\"@id\":\"https:\/\/www.treizecizero.ro\/shop\/produs\/tricou-scoruri-tenis-30-0-tee\/#primaryimage\",\"url\":\"https:\/\/www.treizecizero.ro\/shop\/wp-content\/uploads\/2018\/01\/30-0-Logo-Tee-2-scaled.jpg\",\"contentUrl\":\"https:\/\/www.treizecizero.ro\/shop\/wp-content\/uploads\/2018\/01\/30-0-Logo-Tee-2-scaled.jpg\",\"width\":1707,\"height\":2560},{\"@type\":\"BreadcrumbList\",\"@id\":\"https:\/\/www.treizecizero.ro\/shop\/produs\/tricou-scoruri-tenis-30-0-tee\/#breadcrumb\",\"itemListElement\":[{\"@type\":\"ListItem\",\"position\":1,\"name\":\"Prima pagin\u0103\",\"item\":\"https:\/\/www.treizecizero.ro\/shop\/\"},{\"@type\":\"ListItem\",\"position\":2,\"name\":\"Magazin\",\"item\":\"https:\/\/www.treizecizero.ro\/shop\/magazin\/\"},{\"@type\":\"ListItem\",\"position\":3,\"name\":\"Best Seller |\u00a030-0 Logo Tee\"}]},{\"@type\":\"WebSite\",\"@id\":\"https:\/\/www.treizecizero.ro\/shop\/#website\",\"url\":\"https:\/\/www.treizecizero.ro\/shop\/\",\"name\":\"Shop Treizecizero\",\"description\":\"\",\"potentialAction\":[{\"@type\":\"SearchAction\",\"target\":{\"@type\":\"EntryPoint\",\"urlTemplate\":\"https:\/\/www.treizecizero.ro\/shop\/?s={search_term_string}\"},\"query-input\":{\"@type\":\"PropertyValueSpecification\",\"valueRequired\":true,\"valueName\":\"search_term_string\"}}],\"inLanguage\":\"ro-RO\"}]}<\/script>\n<!-- \/ Yoast SEO plugin. -->","yoast_head_json":{"title":"Tricou tenis 30-0 Tee","description":"Un tricou cu un design fresh, cu care ie\u0219i din r\u00e2nd \u0219i \u00ee\u021bi faci cunoscut\u0103 apartenen\u021ba, ca fan, la sportul cu cel mai atipic sistem de scor din lume. \u0218i \u00een plus le ar\u0103\u021bi tuturor ce site cite\u0219ti! ;)","robots":{"index":"index","follow":"follow","max-snippet":"max-snippet:-1","max-image-preview":"max-image-preview:large","max-video-preview":"max-video-preview:-1"},"canonical":"https:\/\/www.treizecizero.ro\/shop\/produs\/tricou-scoruri-tenis-30-0-tee\/","og_locale":"ro_RO","og_type":"article","og_title":"Tricou tenis 30-0 Tee","og_description":"Un tricou cu un design fresh, cu care ie\u0219i din r\u00e2nd \u0219i \u00ee\u021bi faci cunoscut\u0103 apartenen\u021ba, ca fan, la sportul cu cel mai atipic sistem de scor din lume. \u0218i \u00een plus le ar\u0103\u021bi tuturor ce site cite\u0219ti! ;)","og_url":"https:\/\/www.treizecizero.ro\/shop\/produs\/tricou-scoruri-tenis-30-0-tee\/","og_site_name":"Shop Treizecizero","article_modified_time":"2026-04-27T13:39:12+00:00","og_image":[{"width":1707,"height":2560,"url":"https:\/\/www.treizecizero.ro\/shop\/wp-content\/uploads\/2018\/01\/30-0-Logo-Tee-2-scaled.jpg","type":"image\/jpeg"}],"twitter_card":"summary_large_image","twitter_misc":{"Timp estimat pentru citire":"2 minute"},"schema":{"@context":"https:\/\/schema.org","@graph":[{"@type":"WebPage","@id":"https:\/\/www.treizecizero.ro\/shop\/produs\/tricou-scoruri-tenis-30-0-tee\/","url":"https:\/\/www.treizecizero.ro\/shop\/produs\/tricou-scoruri-tenis-30-0-tee\/","name":"Tricou tenis 30-0 Tee","isPartOf":{"@id":"https:\/\/www.treizecizero.ro\/shop\/#website"},"primaryImageOfPage":{"@id":"https:\/\/www.treizecizero.ro\/shop\/produs\/tricou-scoruri-tenis-30-0-tee\/#primaryimage"},"image":{"@id":"https:\/\/www.treizecizero.ro\/shop\/produs\/tricou-scoruri-tenis-30-0-tee\/#primaryimage"},"thumbnailUrl":"https:\/\/www.treizecizero.ro\/shop\/wp-content\/uploads\/2018\/01\/30-0-Logo-Tee-2-scaled.jpg","datePublished":"2020-10-14T06:48:16+00:00","dateModified":"2026-04-27T13:39:12+00:00","description":"Un tricou cu un design fresh, cu care ie\u0219i din r\u00e2nd \u0219i \u00ee\u021bi faci cunoscut\u0103 apartenen\u021ba, ca fan, la sportul cu cel mai atipic sistem de scor din lume. \u0218i \u00een plus le ar\u0103\u021bi tuturor ce site cite\u0219ti! ;)","breadcrumb":{"@id":"https:\/\/www.treizecizero.ro\/shop\/produs\/tricou-scoruri-tenis-30-0-tee\/#breadcrumb"},"inLanguage":"ro-RO","potentialAction":[{"@type":"ReadAction","target":["https:\/\/www.treizecizero.ro\/shop\/produs\/tricou-scoruri-tenis-30-0-tee\/"]}]},{"@type":"ImageObject","inLanguage":"ro-RO","@id":"https:\/\/www.treizecizero.ro\/shop\/produs\/tricou-scoruri-tenis-30-0-tee\/#primaryimage","url":"https:\/\/www.treizecizero.ro\/shop\/wp-content\/uploads\/2018\/01\/30-0-Logo-Tee-2-scaled.jpg","contentUrl":"https:\/\/www.treizecizero.ro\/shop\/wp-content\/uploads\/2018\/01\/30-0-Logo-Tee-2-scaled.jpg","width":1707,"height":2560},{"@type":"BreadcrumbList","@id":"https:\/\/www.treizecizero.ro\/shop\/produs\/tricou-scoruri-tenis-30-0-tee\/#breadcrumb","itemListElement":[{"@type":"ListItem","position":1,"name":"Prima pagin\u0103","item":"https:\/\/www.treizecizero.ro\/shop\/"},{"@type":"ListItem","position":2,"name":"Magazin","item":"https:\/\/www.treizecizero.ro\/shop\/magazin\/"},{"@type":"ListItem","position":3,"name":"Best Seller |\u00a030-0 Logo Tee"}]},{"@type":"WebSite","@id":"https:\/\/www.treizecizero.ro\/shop\/#website","url":"https:\/\/www.treizecizero.ro\/shop\/","name":"Shop Treizecizero","description":"","potentialAction":[{"@type":"SearchAction","target":{"@type":"EntryPoint","urlTemplate":"https:\/\/www.treizecizero.ro\/shop\/?s={search_term_string}"},"query-input":{"@type":"PropertyValueSpecification","valueRequired":true,"valueName":"search_term_string"}}],"inLanguage":"ro-RO"}]}},"_links":{"self":[{"href":"https:\/\/www.treizecizero.ro\/shop\/wp-json\/wp\/v2\/product\/815","targetHints":{"allow":["GET"]}}],"collection":[{"href":"https:\/\/www.treizecizero.ro\/shop\/wp-json\/wp\/v2\/product"}],"about":[{"href":"https:\/\/www.treizecizero.ro\/shop\/wp-json\/wp\/v2\/types\/product"}],"wp:featuredmedia":[{"embeddable":true,"href":"https:\/\/www.treizecizero.ro\/shop\/wp-json\/wp\/v2\/media\/4900"}],"wp:attachment":[{"href":"https:\/\/www.treizecizero.ro\/shop\/wp-json\/wp\/v2\/media?parent=815"}],"wp:term":[{"taxonomy":"product_brand","embeddable":true,"href":"https:\/\/www.treizecizero.ro\/shop\/wp-json\/wp\/v2\/product_brand?post=815"},{"taxonomy":"product_cat","embeddable":true,"href":"https:\/\/www.treizecizero.ro\/shop\/wp-json\/wp\/v2\/product_cat?post=815"},{"taxonomy":"product_tag","embeddable":true,"href":"https:\/\/www.treizecizero.ro\/shop\/wp-json\/wp\/v2\/product_tag?post=815"}],"curies":[{"name":"wp","href":"https:\/\/api.w.org\/{rel}","templated":true}]}}