{"id":5207,"date":"2025-07-11T23:16:30","date_gmt":"2025-07-11T21:16:30","guid":{"rendered":"https:\/\/www.treizecizero.ro\/shop\/?post_type=product&#038;p=5207"},"modified":"2026-03-26T23:29:04","modified_gmt":"2026-03-26T21:29:04","slug":"din-romania-simona-halep-editia-clasica","status":"publish","type":"product","link":"https:\/\/www.treizecizero.ro\/shop\/produs\/din-romania-simona-halep-editia-clasica\/","title":{"rendered":"Din Rom\u00e2nia, Simona Halep"},"content":{"rendered":"","protected":false},"excerpt":{"rendered":"<p>Alege edi\u021bia<\/p>\n<div class=\"lvd-product-buttons\"><a href=\"https:\/\/www.treizecizero.ro\/shop\/produs\/din-romania-simona-halep-editia-clasica\/\">Edi\u021bia clasic\u0103<\/a><br \/>\n<a href=\"https:\/\/www.treizecizero.ro\/shop\/produs\/din-romania-simona-halep-editia-limitata\/\">Edi\u021bia limitat\u0103<\/a><\/div>\n<div><\/div>\n<p>S-a retras \u00een acest an, dar ne-a l\u0103sat cu amintiri \u0219i inspira\u021bie c\u00e2t pentru o via\u021b\u0103. Acum este timpul s\u0103 o s\u0103rb\u0103torim noi pe ea. 30-0 introduce <strong>\u201cDin Rom\u00e2nia, Simona Halep\u201d &#8211; povestea \u00een imagini<\/strong> a carierei celei mai importante juc\u0103toare de tenis din istoria Rom\u00e2niei \u0219i una dintre cele mai mari legende ale sportului rom\u00e2nesc. Denumit\u0103 dup\u0103 faimoasa introducere care a \u00eenso\u021bit-o pe toate arenele lumii, \u201cDin Rom\u00e2nia, Simona Halep\u201d este, \u00een acela\u0219i timp, mai multe lucruri. Este o colec\u021bie a celor mai bune imagini, v\u0103zute \u0219i nev\u0103zute, din cariera Simonei. Este o fraz\u0103 care rezum\u0103 cine e \u0219i ce reprezint\u0103, de fapt, Simona. Este o poveste de pus la suflet \u0219i la colec\u021bie. \u0218i este un obiect al afec\u021biunii rom\u00e2nilor pentru Simona.<\/p>\n","protected":false},"featured_media":5375,"template":"","meta":{"_acf_changed":false},"product_brand":[],"product_cat":[82,17,22,15],"product_tag":[],"class_list":{"0":"post-5207","1":"product","2":"type-product","3":"status-publish","4":"has-post-thumbnail","6":"product_cat-exclus","7":"product_cat-promo","8":"product_cat-publicatii","9":"product_cat-reviste","11":"first","12":"instock","13":"shipping-taxable","14":"purchasable","15":"product-type-simple"},"acf":[],"yoast_head":"<!-- This site is optimized with the Yoast SEO plugin v25.4 - https:\/\/yoast.com\/wordpress\/plugins\/seo\/ -->\n<title>Din Rom\u00e2nia, Simona Halep - Shop Treizecizero<\/title>\n<meta name=\"robots\" content=\"index, follow, max-snippet:-1, max-image-preview:large, max-video-preview:-1\" \/>\n<link rel=\"canonical\" href=\"https:\/\/www.treizecizero.ro\/shop\/produs\/din-romania-simona-halep-editia-clasica\/\" \/>\n<meta property=\"og:locale\" content=\"ro_RO\" \/>\n<meta property=\"og:type\" content=\"article\" \/>\n<meta property=\"og:title\" content=\"Din Rom\u00e2nia, Simona Halep - Shop Treizecizero\" \/>\n<meta property=\"og:description\" content=\"Alege edi\u021bia Edi\u021bia clasic\u0103 Edi\u021bia limitat\u0103  S-a retras \u00een acest an, dar ne-a l\u0103sat cu amintiri \u0219i inspira\u021bie c\u00e2t pentru o via\u021b\u0103. Acum este timpul s\u0103 o s\u0103rb\u0103torim noi pe ea. 30-0 introduce \u201cDin Rom\u00e2nia, Simona Halep\u201d - povestea \u00een imagini a carierei celei mai importante juc\u0103toare de tenis din istoria Rom\u00e2niei \u0219i una dintre cele mai mari legende ale sportului rom\u00e2nesc. Denumit\u0103 dup\u0103 faimoasa introducere care a \u00eenso\u021bit-o pe toate arenele lumii, \u201cDin Rom\u00e2nia, Simona Halep\u201d este, \u00een acela\u0219i timp, mai multe lucruri. Este o colec\u021bie a celor mai bune imagini, v\u0103zute \u0219i nev\u0103zute, din cariera Simonei. Este o fraz\u0103 care rezum\u0103 cine e \u0219i ce reprezint\u0103, de fapt, Simona. Este o poveste de pus la suflet \u0219i la colec\u021bie. \u0218i este un obiect al afec\u021biunii rom\u00e2nilor pentru Simona.\" \/>\n<meta property=\"og:url\" content=\"https:\/\/www.treizecizero.ro\/shop\/produs\/din-romania-simona-halep-editia-clasica\/\" \/>\n<meta property=\"og:site_name\" content=\"Shop Treizecizero\" \/>\n<meta property=\"article:modified_time\" content=\"2026-03-26T21:29:04+00:00\" \/>\n<meta property=\"og:image\" content=\"https:\/\/www.treizecizero.ro\/shop\/wp-content\/uploads\/2025\/07\/IMG_2091.jpg\" \/>\n\t<meta property=\"og:image:width\" content=\"667\" \/>\n\t<meta property=\"og:image:height\" content=\"1000\" \/>\n\t<meta property=\"og:image:type\" content=\"image\/jpeg\" \/>\n<meta name=\"twitter:card\" content=\"summary_large_image\" \/>\n<meta name=\"twitter:label1\" content=\"Timp estimat pentru citire\" \/>\n\t<meta name=\"twitter:data1\" content=\"2 minute\" \/>\n<script type=\"application\/ld+json\" class=\"yoast-schema-graph\">{\"@context\":\"https:\/\/schema.org\",\"@graph\":[{\"@type\":\"WebPage\",\"@id\":\"https:\/\/www.treizecizero.ro\/shop\/produs\/din-romania-simona-halep-editia-clasica\/\",\"url\":\"https:\/\/www.treizecizero.ro\/shop\/produs\/din-romania-simona-halep-editia-clasica\/\",\"name\":\"Din Rom\u00e2nia, Simona Halep - Shop Treizecizero\",\"isPartOf\":{\"@id\":\"https:\/\/www.treizecizero.ro\/shop\/#website\"},\"primaryImageOfPage\":{\"@id\":\"https:\/\/www.treizecizero.ro\/shop\/produs\/din-romania-simona-halep-editia-clasica\/#primaryimage\"},\"image\":{\"@id\":\"https:\/\/www.treizecizero.ro\/shop\/produs\/din-romania-simona-halep-editia-clasica\/#primaryimage\"},\"thumbnailUrl\":\"https:\/\/www.treizecizero.ro\/shop\/wp-content\/uploads\/2025\/07\/IMG_2091.jpg\",\"datePublished\":\"2025-07-11T21:16:30+00:00\",\"dateModified\":\"2026-03-26T21:29:04+00:00\",\"breadcrumb\":{\"@id\":\"https:\/\/www.treizecizero.ro\/shop\/produs\/din-romania-simona-halep-editia-clasica\/#breadcrumb\"},\"inLanguage\":\"ro-RO\",\"potentialAction\":[{\"@type\":\"ReadAction\",\"target\":[\"https:\/\/www.treizecizero.ro\/shop\/produs\/din-romania-simona-halep-editia-clasica\/\"]}]},{\"@type\":\"ImageObject\",\"inLanguage\":\"ro-RO\",\"@id\":\"https:\/\/www.treizecizero.ro\/shop\/produs\/din-romania-simona-halep-editia-clasica\/#primaryimage\",\"url\":\"https:\/\/www.treizecizero.ro\/shop\/wp-content\/uploads\/2025\/07\/IMG_2091.jpg\",\"contentUrl\":\"https:\/\/www.treizecizero.ro\/shop\/wp-content\/uploads\/2025\/07\/IMG_2091.jpg\",\"width\":667,\"height\":1000},{\"@type\":\"BreadcrumbList\",\"@id\":\"https:\/\/www.treizecizero.ro\/shop\/produs\/din-romania-simona-halep-editia-clasica\/#breadcrumb\",\"itemListElement\":[{\"@type\":\"ListItem\",\"position\":1,\"name\":\"Prima pagin\u0103\",\"item\":\"https:\/\/www.treizecizero.ro\/shop\/\"},{\"@type\":\"ListItem\",\"position\":2,\"name\":\"Magazin\",\"item\":\"https:\/\/www.treizecizero.ro\/shop\/magazin\/\"},{\"@type\":\"ListItem\",\"position\":3,\"name\":\"Din Rom\u00e2nia, Simona Halep\"}]},{\"@type\":\"WebSite\",\"@id\":\"https:\/\/www.treizecizero.ro\/shop\/#website\",\"url\":\"https:\/\/www.treizecizero.ro\/shop\/\",\"name\":\"Shop Treizecizero\",\"description\":\"\",\"potentialAction\":[{\"@type\":\"SearchAction\",\"target\":{\"@type\":\"EntryPoint\",\"urlTemplate\":\"https:\/\/www.treizecizero.ro\/shop\/?s={search_term_string}\"},\"query-input\":{\"@type\":\"PropertyValueSpecification\",\"valueRequired\":true,\"valueName\":\"search_term_string\"}}],\"inLanguage\":\"ro-RO\"}]}<\/script>\n<!-- \/ Yoast SEO plugin. -->","yoast_head_json":{"title":"Din Rom\u00e2nia, Simona Halep - Shop Treizecizero","robots":{"index":"index","follow":"follow","max-snippet":"max-snippet:-1","max-image-preview":"max-image-preview:large","max-video-preview":"max-video-preview:-1"},"canonical":"https:\/\/www.treizecizero.ro\/shop\/produs\/din-romania-simona-halep-editia-clasica\/","og_locale":"ro_RO","og_type":"article","og_title":"Din Rom\u00e2nia, Simona Halep - Shop Treizecizero","og_description":"Alege edi\u021bia Edi\u021bia clasic\u0103 Edi\u021bia limitat\u0103  S-a retras \u00een acest an, dar ne-a l\u0103sat cu amintiri \u0219i inspira\u021bie c\u00e2t pentru o via\u021b\u0103. Acum este timpul s\u0103 o s\u0103rb\u0103torim noi pe ea. 30-0 introduce \u201cDin Rom\u00e2nia, Simona Halep\u201d - povestea \u00een imagini a carierei celei mai importante juc\u0103toare de tenis din istoria Rom\u00e2niei \u0219i una dintre cele mai mari legende ale sportului rom\u00e2nesc. Denumit\u0103 dup\u0103 faimoasa introducere care a \u00eenso\u021bit-o pe toate arenele lumii, \u201cDin Rom\u00e2nia, Simona Halep\u201d este, \u00een acela\u0219i timp, mai multe lucruri. Este o colec\u021bie a celor mai bune imagini, v\u0103zute \u0219i nev\u0103zute, din cariera Simonei. Este o fraz\u0103 care rezum\u0103 cine e \u0219i ce reprezint\u0103, de fapt, Simona. Este o poveste de pus la suflet \u0219i la colec\u021bie. \u0218i este un obiect al afec\u021biunii rom\u00e2nilor pentru Simona.","og_url":"https:\/\/www.treizecizero.ro\/shop\/produs\/din-romania-simona-halep-editia-clasica\/","og_site_name":"Shop Treizecizero","article_modified_time":"2026-03-26T21:29:04+00:00","og_image":[{"width":667,"height":1000,"url":"https:\/\/www.treizecizero.ro\/shop\/wp-content\/uploads\/2025\/07\/IMG_2091.jpg","type":"image\/jpeg"}],"twitter_card":"summary_large_image","twitter_misc":{"Timp estimat pentru citire":"2 minute"},"schema":{"@context":"https:\/\/schema.org","@graph":[{"@type":"WebPage","@id":"https:\/\/www.treizecizero.ro\/shop\/produs\/din-romania-simona-halep-editia-clasica\/","url":"https:\/\/www.treizecizero.ro\/shop\/produs\/din-romania-simona-halep-editia-clasica\/","name":"Din Rom\u00e2nia, Simona Halep - Shop Treizecizero","isPartOf":{"@id":"https:\/\/www.treizecizero.ro\/shop\/#website"},"primaryImageOfPage":{"@id":"https:\/\/www.treizecizero.ro\/shop\/produs\/din-romania-simona-halep-editia-clasica\/#primaryimage"},"image":{"@id":"https:\/\/www.treizecizero.ro\/shop\/produs\/din-romania-simona-halep-editia-clasica\/#primaryimage"},"thumbnailUrl":"https:\/\/www.treizecizero.ro\/shop\/wp-content\/uploads\/2025\/07\/IMG_2091.jpg","datePublished":"2025-07-11T21:16:30+00:00","dateModified":"2026-03-26T21:29:04+00:00","breadcrumb":{"@id":"https:\/\/www.treizecizero.ro\/shop\/produs\/din-romania-simona-halep-editia-clasica\/#breadcrumb"},"inLanguage":"ro-RO","potentialAction":[{"@type":"ReadAction","target":["https:\/\/www.treizecizero.ro\/shop\/produs\/din-romania-simona-halep-editia-clasica\/"]}]},{"@type":"ImageObject","inLanguage":"ro-RO","@id":"https:\/\/www.treizecizero.ro\/shop\/produs\/din-romania-simona-halep-editia-clasica\/#primaryimage","url":"https:\/\/www.treizecizero.ro\/shop\/wp-content\/uploads\/2025\/07\/IMG_2091.jpg","contentUrl":"https:\/\/www.treizecizero.ro\/shop\/wp-content\/uploads\/2025\/07\/IMG_2091.jpg","width":667,"height":1000},{"@type":"BreadcrumbList","@id":"https:\/\/www.treizecizero.ro\/shop\/produs\/din-romania-simona-halep-editia-clasica\/#breadcrumb","itemListElement":[{"@type":"ListItem","position":1,"name":"Prima pagin\u0103","item":"https:\/\/www.treizecizero.ro\/shop\/"},{"@type":"ListItem","position":2,"name":"Magazin","item":"https:\/\/www.treizecizero.ro\/shop\/magazin\/"},{"@type":"ListItem","position":3,"name":"Din Rom\u00e2nia, Simona Halep"}]},{"@type":"WebSite","@id":"https:\/\/www.treizecizero.ro\/shop\/#website","url":"https:\/\/www.treizecizero.ro\/shop\/","name":"Shop Treizecizero","description":"","potentialAction":[{"@type":"SearchAction","target":{"@type":"EntryPoint","urlTemplate":"https:\/\/www.treizecizero.ro\/shop\/?s={search_term_string}"},"query-input":{"@type":"PropertyValueSpecification","valueRequired":true,"valueName":"search_term_string"}}],"inLanguage":"ro-RO"}]}},"_links":{"self":[{"href":"https:\/\/www.treizecizero.ro\/shop\/wp-json\/wp\/v2\/product\/5207","targetHints":{"allow":["GET"]}}],"collection":[{"href":"https:\/\/www.treizecizero.ro\/shop\/wp-json\/wp\/v2\/product"}],"about":[{"href":"https:\/\/www.treizecizero.ro\/shop\/wp-json\/wp\/v2\/types\/product"}],"wp:featuredmedia":[{"embeddable":true,"href":"https:\/\/www.treizecizero.ro\/shop\/wp-json\/wp\/v2\/media\/5375"}],"wp:attachment":[{"href":"https:\/\/www.treizecizero.ro\/shop\/wp-json\/wp\/v2\/media?parent=5207"}],"wp:term":[{"taxonomy":"product_brand","embeddable":true,"href":"https:\/\/www.treizecizero.ro\/shop\/wp-json\/wp\/v2\/product_brand?post=5207"},{"taxonomy":"product_cat","embeddable":true,"href":"https:\/\/www.treizecizero.ro\/shop\/wp-json\/wp\/v2\/product_cat?post=5207"},{"taxonomy":"product_tag","embeddable":true,"href":"https:\/\/www.treizecizero.ro\/shop\/wp-json\/wp\/v2\/product_tag?post=5207"}],"curies":[{"name":"wp","href":"https:\/\/api.w.org\/{rel}","templated":true}]}}